z - 2. What is the tens digit of b(j)?
7
Let q = 3103 + -2661. Let b(l) = l**2 - l - 232. Let c be b(0). Let m = q + c. What is the units digit of m?
0
Let k be (1 + 13 + -3 + -3)/2. Suppose 3*s + k*s - 2576 = 0. What is the units digit of s?
8
Let v be (-596)/(3/3*-4). Let h = 199 - v. What is the units digit of h?
0
Let y = 18369 + -10957. What is the thousands digit of y?
7
Let j be (-6 - -7)/((-2)/12). Let p = 18 + j. Let m = 177 + p. What is the hundreds digit of m?
1
Let i = -6 - -22696. What is the tens digit of i?
9
Suppose 0 = 117*h - 127*h + 67270. What is the hundreds digit of h?
7
What is the tens digit of ((-82)/(-8))/((-1)/(-2892)) + -7?
3
Suppose -7*p + 180 = 8*p. Let b be (-2)/p - 2/(-12). Suppose j - 4*i - 135 = b, -658 = -5*j + 2*i + i. What is the units digit of j?
1
Let f be -1 - (80/5 - -3). Let d be (f/70)/((-2)/98). What is the tens digit of (-546)/d*5/(-3)?
6
Suppose -25*y = -19*y - 4356. Suppose 0 = -2*o + 10, -5*f + 2*o = -y - 289. What is the units digit of f?
5
Let v be 42/16*1416/531. Let y(i) = i**2 - i + 3. Let o be y(0). Suppose -k - o*c = -18, -45 = -4*k + 4*c - v*c. What is the units digit of k?
9
Let d(m) = m**2 - 4*m + 2. Let t be d(2). Let s(o) = 297*o**2 + 8*o - 8. What is the thousands digit of s(t)?
1
Let t(g) be the first derivative of -g**3/3 + 9*g**2/2 - 14*g + 1. Let j be t(6). What is the units digit of j/22 + (448/77)/1?
6
Suppose -6*t + 28798 = 4*d, -3*d - d + 2*t = -28854. What is the units digit of d?
0
Let s = 115 - 95. Suppose s - 5 = 3*l, 5*l + 209 = 2*w. What is the units digit of w?
7
Let x(c) = 5207*c - 5758. What is the units digit of x(6)?
4
Let r(v) = -75*v + 1. Let l be r(3). Suppose -855 = 5*h + 10*i - 175, 0 = -3*i + 6*i. Let d = h - l. What is the units digit of d?
8
Suppose 328 - 165 = 8*j - 781. What is the units digit of j?
8
Let p = 91 + -88. Suppose -12*b = -3*a - 11*b + 3044, -p*a + 5*b + 3052 = 0. What is the units digit of a?
4
Let d = -9 + -57. Let k be (d - 5) + 3*-1 - 2. Let l = k - -95. What is the tens digit of l?
1
Suppose -14*a = -57 + 1. Suppose -11*n + 2106 = -8*n - a*z, 0 = 4*n - 4*z - 2812. What is the hundreds digit of n?
7
Let s be (-61)/4*24/9*-108. Suppose -9*r + s = -5*r. Suppose 0 = -2*x + 4*o + 448, -5*x - o + 0*o + r = 0. What is the tens digit of x?
2
Suppose -2*j + f + 6 = -2*f, -3*j + 14 = -2*f. Suppose 3*z + 3*v - 1443 = j*v, -3*z - 2*v = -1433. What is the hundreds digit of z?
4
Let h(f) be the second derivative of -15*f + 11/6*f**3 + 0 + 17/2*f**2. What is the units digit of h(5)?
2
What is the thousands digit of 1/(-4) - 19/(-44) - (-53103036)/2618?
0
Suppose 9*i = 2*y + 11*i + 72, 5*y + i = -164. Let t(l) = 2*l**2 + 62*l + 80. What is the units digit of t(y)?
4
Suppose 131*d = -252090 + 732074. What is the thousands digit of d?
3
Suppose -7*n = -13*n + 10*n - 84140. What is the units digit of n?
5
Let l be (-5)/30 - (-5754)/(-36). Let p = l + 329. What is the units digit of p?
9
Suppose p + 0*d - 67 = d, 4*d = 3*p - 201. Let r = 81 + p. Suppose 0*s = g - 2*s - r, -2*g - s = -286. What is the units digit of g?
4
Let v(y) = -16*y**2 - 4*y - 3. Let u be v(-2). Let z = u - -47. Let n(q) = 2*q**2 + 10*q - 18. What is the tens digit of n(z)?
5
Suppose -2*z + 250592 = 4*i, -5*i - 3*z + 179309 + 133929 = 0. What is the thousands digit of i?
2
Let y(q) = -q**3 + 9*q**2 - 5*q - 3. Let x be y(6). Let g = -122 + 120. What is the tens digit of ((-1295)/x + g/(-3))*-5?
8
Let c(d) = 45*d - 68. Let y be c(-6). Let b = y - -688. What is the units digit of b?
0
Suppose 4 = -4*a, 0 = -3*m + a - 3*a + 25. Let d(t) = 0 + 5 + 3*t**2 - t**2 - 14*t. What is the tens digit of d(m)?
4
Let k(l) = 212*l**2 - 4*l - 12. Let b(y) = 71*y**2 - y - 4. Let w(c) = -14*b(c) + 5*k(c). What is the tens digit of w(-2)?
7
Let p(t) be the third derivative of -t**6/120 + 7*t**5/30 + 5*t**4/6 - 13*t**3/6 - 8*t**2. Let d be p(9). Suppose -d = -5*w - 152. What is the tens digit of w?
8
Let r be -16*(2 - (-20)/(-8)). Suppose -2*a + r = 2. Suppose -a*l - 23 + 277 = -x, 2*x = 3*l - 259. What is the units digit of l?
3
Let l = -27 + 31. Suppose l*s = s + 9. What is the tens digit of 1*37 + (-2 - s - -2)?
3
Let u = 4 - 6. Let a be 1 + -2 + (5 - 1). What is the units digit of 23/(-4 + (a - u))?
3
Let i be (-5)/(15/(-12)) - 52. What is the hundreds digit of 175/6*18/(-28)*i?
9
Let g(m) = 804*m - 345. What is the tens digit of g(11)?
9
Suppose 0 = -4*b - 2*c + 6, 5*c + 16 = -2*b - 1. Suppose b*m - 3*m = -3*m. Suppose m = -k - 5*i + 52, 3*k - 6*i - 251 = -2*i. What is the tens digit of k?
7
Let p be (4 + (-2238)/(-9))*(-1 - -19). Suppose 5*v + 7*v = p. What is the units digit of v?
9
Let k(o) = 2*o**2 - 36*o - 57. What is the tens digit of k(-40)?
8
Suppose -5*o + 931*b = 932*b - 23853, -3*o = 3*b - 14319. What is the tens digit of o?
7
Let w(z) = 8*z**2 + 57. Let a be w(9). Let v = a - 627. What is the tens digit of v?
7
Let h(z) be the second derivative of -103*z**3/6 + 13*z**2 + 2*z + 28. What is the hundreds digit of h(-9)?
9
Let a be (-4 + 582/12)*22. Suppose 0 = 5*c - 761 - a. What is the units digit of c?
8
Let s(g) = -1733*g + 135. What is the thousands digit of s(-3)?
5
Suppose 4*h + 4*v - 116 = 0, -4*h - 2*v + 111 = v. Let u(q) = -33*q**2 - 132*q + 3. Let p be u(-4). Suppose -p*m + 0*m = -h. What is the units digit of m?
8
Let t be -405 + (-5 - -12)/(-1). Let w = -107 - t. What is the hundreds digit of w?
3
Let g = -1082 - -4494. What is the thousands digit of g?
3
Let g = 127 + -117. Let j(k) = k**2 - 2*k - 35. What is the tens digit of j(g)?
4
Let g = -124 + 214. Let d be (-2 - (-57)/9)/(1/g). Suppose -15*k = -10*k - d. What is the tens digit of k?
7
Let m(r) = 10*r**3 + 3*r**2 - 7. Let z(l) = -l**3 + 1. Let n(j) = m(j) + 5*z(j). Let y be n(-2). What is the units digit of (-2756)/y + 18/135?
2
Let d(g) = g**2 - 6*g + 8. Let f be d(6). Let b be -10*f/40*(-5)/2. Suppose b*j + 60 - 440 = 0. What is the tens digit of j?
7
Let g be (8 + -2)*3/9. Suppose -475 = -4*t - 5*p, t = 3*t + g*p - 236. What is the hundreds digit of t?
1
Suppose 50*n + 868384 = 2781793 + 1170541. What is the thousands digit of n?
1
Suppose -33*q + 4*t = -36*q + 12599, -3*t = 4*q - 16801. What is the hundreds digit of q?
2
Let v(u) = 10*u - 23. Let p(x) = -29*x + 68. Let g(s) = 4*p(s) + 11*v(s). Let k be g(-11). What is the hundreds digit of 93/(k/(-20) + 5)?
1
Suppose 51*h - 18*h = 3696. Suppose 0 = 117*m - h*m - 1355. What is the hundreds digit of m?
2
Suppose 50352 = 573*r - 557*r. What is the hundreds digit of r?
1
Suppose 6*z + 632068 = 23*z - 76288. What is the thousands digit of z?
1
Let i be 3/12 + (-4756)/16. What is the units digit of (-1 - 44)/((i/774)/11)?
0
Let g(o) = -o**3 - 8*o**2 + 5*o**2 + 2*o**2 - 4*o**2 + 4. Let u be g(-5). Suppose -u*y + l + 4*l + 470 = 0, 2*y + l = 228. What is the units digit of y?
5
Let k(o) = 9*o**2 - 19*o - 11. What is the thousands digit of k(-25)?
6
Suppose 5*c - 88451 = -5*c - 2521. What is the tens digit of c?
9
Suppose 0 = 9*u - 4*z - 34269, 4*u - 6262 = z + 8964. What is the hundreds digit of u?
8
Let i(n) = -5618*n + 48. Let r be i(-3). Suppose 0 = 24*u - 6*u - r. What is the tens digit of u?
3
Suppose -4*j + 1366 = -0*o + 2*o, -4*j + 5*o + 1359 = 0. What is the hundreds digit of 1 + -1 + j + 1?
3
Let f(w) = w**2 - 23*w + 81. Let t be f(6). What is the tens digit of (-57)/t + -3 + (-8332)/(-7)?
9
Let w = -597 - -396. Let m(i) = -84*i**2 + i. Let s be m(2). Let u = w - s. What is the units digit of u?
3
Suppose 35*a - 27480 = 33*a + 3*k, -4*a + 2*k + 54952 = 0. What is the hundreds digit of a?
7
Suppose 4*s - 1242 = 2*d, -2*d + 5 = -5. Suppose 3*u - 104 = s. What is the units digit of u?
9
Suppose -p = -c - 14720, -62*p - 14728 = -63*p - 3*c. What is the hundreds digit of p?
7
Suppose -54924 + 286202 = 16*h - 226018. What is the tens digit of h?
8
Let l(m) = 1402*m - 5. Let r be l(12). Suppose r - 3027 = 16*k. What is the hundreds digit of k?
8
Suppose 2925 = 4*b - 3*j, -5*b - j - 2*j = -3690. Suppose 36*a - 27 = 33*a. Suppose a*w - b = 4*w. What is the tens digit of w?
4
Suppose -2*b + 17*w + 4 = 19*w, 3*w = -4*b + 11. Suppose -b*i - 5780 = -5*z, 0 = 5*i - 10*i - 5. What is the hundreds digit of z?
1
Suppose -12*i = -11*i + 3. What is the hundreds digit of ((-6)/7)/(i/43